{"id":32,"date":"2018-05-26T14:36:26","date_gmt":"2018-05-26T17:36:26","guid":{"rendered":"http:\/\/fabiobrandao.net.br\/blog\/?page_id=32"},"modified":"2018-06-19T22:03:07","modified_gmt":"2018-06-20T01:03:07","slug":"e-books","status":"publish","type":"page","link":"https:\/\/fabiobrandao.net.br\/blog\/e-books\/","title":{"rendered":"E-books"},"content":{"rendered":"<p>Alguns e-books que escrevi e voc\u00ea pode baixar gratuitamente:<\/p>\n<p><a href=\"http:\/\/fabiobrandao.net.br\/ebooks\/Curso_Basico_Access_2000.pdf\">Curso B\u00e1sico Access 2000<\/a><\/p>\n<p><a href=\"http:\/\/fabiobrandao.net.br\/ebooks\/Curso_Basico_JavaScript.pdf\">Curso B\u00e1sico de JavaScript<\/a><\/p>\n<p><a href=\"http:\/\/fabiobrandao.net.br\/ebooks\/Curso_Basico_DreamweaverMX.pdf\">Curso B\u00e1sico de DreamWeaver MX<\/a><\/p>\n<p><a href=\"http:\/\/fabiobrandao.net.br\/ebooks\/Curso_Basico_Excel_2000.pdf\">Curso B\u00e1sico Excel 2000<\/a><\/p>\n<p><a href=\"http:\/\/fabiobrandao.net.br\/ebooks\/Curso_Basico_Html4.pdf\">Curso B\u00e1sico Html 4<\/a><\/p>\n<p><a href=\"http:\/\/fabiobrandao.net.br\/ebooks\/Curso_Basico_Internet_Internet_Explorer6.pdf\">Curso B\u00e1sico Internet e Internet Explorer 6<\/a><\/p>\n<p><a href=\"http:\/\/fabiobrandao.net.br\/ebooks\/Curso_Basico_Outlook_2000.pdf\">Curso B\u00e1sico Outlook 2000<\/a><\/p>\n<p><a href=\"http:\/\/fabiobrandao.net.br\/ebooks\/Curso_Basico_PowerPoint_2000.pdf\">Curso B\u00e1sico PowerPoint 2000<\/a><\/p>\n<p><a href=\"http:\/\/fabiobrandao.net.br\/ebooks\/Curso_Basico_Windows_98.pdf\">Curso B\u00e1sico Windows 98<\/a><\/p>\n<p><a href=\"http:\/\/fabiobrandao.net.br\/ebooks\/Curso_Basico_Windows_XP.pdf\">Curso B\u00e1sico Windows XP<\/a><\/p>\n<p><a href=\"http:\/\/fabiobrandao.net.br\/ebooks\/Curso_Basico_Word_2000.pdf\">Curso B\u00e1sico Word 2000<\/a><\/p>\n","protected":false},"excerpt":{"rendered":"<p>Alguns e-books que escrevi e voc\u00ea pode baixar gratuitamente: Curso B\u00e1sico Access 2000 Curso B\u00e1sico de JavaScript Curso B\u00e1sico de DreamWeaver MX Curso B\u00e1sico Excel 2000 Curso B\u00e1sico Html 4&#8230; <\/p>\n","protected":false},"author":1,"featured_media":0,"parent":0,"menu_order":0,"comment_status":"closed","ping_status":"closed","template":"","meta":{"_exactmetrics_skip_tracking":false,"_exactmetrics_sitenote_active":false,"_exactmetrics_sitenote_note":"","_exactmetrics_sitenote_category":0,"footnotes":""},"class_list":["post-32","page","type-page","status-publish","hentry"],"_links":{"self":[{"href":"https:\/\/fabiobrandao.net.br\/blog\/wp-json\/wp\/v2\/pages\/32","targetHints":{"allow":["GET"]}}],"collection":[{"href":"https:\/\/fabiobrandao.net.br\/blog\/wp-json\/wp\/v2\/pages"}],"about":[{"href":"https:\/\/fabiobrandao.net.br\/blog\/wp-json\/wp\/v2\/types\/page"}],"author":[{"embeddable":true,"href":"https:\/\/fabiobrandao.net.br\/blog\/wp-json\/wp\/v2\/users\/1"}],"replies":[{"embeddable":true,"href":"https:\/\/fabiobrandao.net.br\/blog\/wp-json\/wp\/v2\/comments?post=32"}],"version-history":[{"count":7,"href":"https:\/\/fabiobrandao.net.br\/blog\/wp-json\/wp\/v2\/pages\/32\/revisions"}],"predecessor-version":[{"id":58,"href":"https:\/\/fabiobrandao.net.br\/blog\/wp-json\/wp\/v2\/pages\/32\/revisions\/58"}],"wp:attachment":[{"href":"https:\/\/fabiobrandao.net.br\/blog\/wp-json\/wp\/v2\/media?parent=32"}],"curies":[{"name":"wp","href":"https:\/\/api.w.org\/{rel}","templated":true}]}}